mber?
True
Is 764969 composite?
False
Is 101058929 a composite number?
True
Is 5518259 a prime number?
True
Is 962977 a composite number?
True
Is 10784513 a composite number?
True
Is 2985881 a prime number?
True
Is 5187577 a prime number?
True
Is 412544597 a composite number?
False
Is 1542029 prime?
True
Is 7581655 a prime number?
False
Is 72046273 a composite number?
True
Is 15483449 a composite number?
False
Is 19129213 a composite number?
False
Is 82471255 a composite number?
True
Is 16253123 a prime number?
True
Is 6124367 a prime number?
True
Is 1070766089 a prime number?
True
Is 881449 a prime number?
True
Is 84573007 a prime number?
True
Is 42839749 composite?
True
Is 6991787 a composite number?
True
Is 8622041 prime?
True
Is 9254561 a prime number?
False
Is 586553 composite?
True
Is 693041381 composite?
False
Is 79221767 a prime number?
True
Is 1198583 a prime number?
True
Is 468722 a prime number?
False
Is 496144889 prime?
True
Is 6295637 a prime number?
True
Is 80233871 prime?
False
Is 175493963 a prime number?
True
Is 839557 composite?
True
Is 5838551 composite?
False
Is 33176743 prime?
True
Is 26027301 prime?
False
Is 106863769 composite?
True
Is 9787049 a composite number?
False
Is 73193 a composite number?
True
Is 7543715 prime?
False
Is 17416003 prime?
False
Is 88410757 prime?
False
Is 7823909 prime?
False
Is 25570289 prime?
True
Is 138155717 prime?
False
Is 9693763 a prime number?
True
Is 17970283 prime?
True
Is 808099 composite?
True
Is 56587105 prime?
False
Is 1904939 a composite number?
False
Is 10522346 composite?
True
Is 165912607 a composite number?
True
Is 18274037 a composite number?
False
Is 11589757 prime?
False
Is 25073533 a prime number?
False
Is 96942639 composite?
True
Is 6264277 a composite number?
False
Is 123513187 a prime number?
False
Is 81466153 composite?
True
Is 101400469 composite?
True
Is 25626007 prime?
False
Is 3085787 a prime number?
True
Is 59594879 prime?
True
Is 13851673 a composite number?
True
Is 97274491 a prime number?
True
Is 80204563 prime?
False
Is 15841619 a composite number?
False
Is 412877 a prime number?
False
Is 52829 a prime number?
False
Is 2287 prime?
True
Is 30503855 composite?
True
Is 534121 composite?
True
Is 221999 a prime number?
True
Is 49446499 prime?
True
Is 6144349 a composite number?
False
Is 131137 a prime number?
False
Is 99069679 prime?
True
Is 1991239 composite?
False
Is 378619 a composite number?
False
Is 20262293 composite?
False
Is 13611761 a prime number?
True
Is 25353271 composite?
True
Is 50666317 a composite number?
True
Is 10928209 a prime number?
False
Is 24001279 composite?
False
Is 6020831 a composite number?
False
Is 1261127 a prime number?
False
Is 6864899 a prime number?
False
Is 2062969 prime?
False
Is 1013172019 prime?
True
Is 85973473 a prime number?
False
Is 6922831 composite?
True
Is 3415931 a prime number?
True
Is 14993633 a composite number?
False
Is 405197229 a prime number?
False
Is 5282219 a composite number?
False
Is 13055209 prime?
True
Is 609859 composite?
False
Is 32422003 a composite number?
False
Is 3681673 prime?
False
Is 373991489 a composite number?
False
Is 10124449 prime?
True
Is 89305653 composite?
True
Is 24710822 prime?
False
Is 166312253 prime?
False
Is 128914307 prime?
True
Is 18528085 a composite number?
True
Is 292728019 a prime number?
True
Is 356206979 a prime number?
True
Is 32187731 a prime number?
True
Is 42587427 prime?
False
Is 24367999 composite?
True
Is 126803933 a prime number?
False
Is 47305763 a composite number?
True
Is 35132621 composite?
False
Is 29435101 composite?
True
Is 11517238 composite?
True
Is 2007133 composite?
False
Is 7130594 a prime number?
False
Is 2430877109 a composite number?
False
Is 8368049 composite?
True
Is 2050327 a prime number?
True
Is 393643 prime?
False
Is 8039923 a prime number?
True
Is 1351345 a composite number?
True
Is 1416061 a composite number?
False
Is 2127371 prime?
True
Is 174027131 a prime number?
False
Is 939872777 prime?
False
Is 203968099 prime?
True
Is 9073858 a composite number?
True
Is 3626933 a prime number?
False
Is 6161921 composite?
True
Is 58890674 a prime number?
False
Is 4465239 prime?
False
Is 3839701 a prime number?
True
Is 42195877 a composite number?
True
Is 23359109 a prime number?
False
Is 3440719 a composite number?
False
Is 14483639 prime?
False
Is 6767089 prime?
False
Is 2499277 a composite number?
True
Is 24646121 prime?
False
Is 67750033 a prime number?
False
Is 14548081 a composite number?
True
Is 56870051 a prime number?
False
Is 1767923 a prime number?
True
Is 7860733 composite?
True
Is 47418607 prime?
True
Is 126311903 a prime number?
False
Is 454799 prime?
True
Is 3920677 composite?
False
Is 572033677 composite?
True
Is 238405 prime?
False
Is 424451 composite?
False
Is 9358253 a prime number?
False
Is 22760609 a prime number?
False
Is 907063 composite?
False
Is 89785511 prime?
False
Is 8528869 prime?
False
Is 17072683 prime?
True
Is 939469 a composite number?
False
Is 3734657 prime?
True
Is 4873391 a prime number?
True
Is 3437219 a prime number?
True
Is 81011327 a prime number?
True
Is 708949 a composite number?
True
Is 788763227 composite?
True
Is 15832951 composite?
False
Is 11498593 a prime number?
True
Is 238796371 a composite number?
True
Is 10414651 prime?
False
Is 619627 a composite number?
True
Is 70416167 composite?
True
Is 6193795 a prime number?
False
Is 11936687 a prime number?
False
Is 1649112713 prime?
True
Is 1861651 prime?
False
Is 13680343 prime?
False
Is 91055039 prime?
False
Is 273528982 prime?
False
Is 54508991 a composite number?
True
Is 27235319 a composite number?
True
Is 1907032181 composite?
False
Is 15906359 composite?
True
Is 56099633 a prime number?
False
Is 5802583 a prime number?
True
Is 1672999 a composite number?
False
Is 16726013 composite?
False
Is 15385219 prime?
True
Is 3723961 prime?
False
Is 30055217 composite?
False
Is 8258459 a composite number?
True
Is 618513173 composite?
True
Is 117269 a composite number?
False
Is 392789 composite?
True
Is 3880897 a prime number?
True
Is 42971111 a composite number?
False
Is 137527633 a composite number?
True
Is 11211257 composite?
True
Is 234789019 prime?
True
Is 13187093 a prime number?
True
Is 45954113 prime?
True
Is 168168445 a composite number?
True
Is 152510669 a prime number?
False
Is 284244121 a prime number?
False
Is 20287657 a composite number?
True
Is 85942537 a prime number?
True
Is 316631 a composite number?
True
Is 12466481 a prime number?
False
Is 35245273 prime?
False
Is 1743701 a prime number?
True
Is 961729 composite?
False
Is 1100917 a composite number?
True
Is 6810121 a composite number?
True
Is 94143299 a composite number?
True
Is 185892853 composite?
False
Is 7347407 prime?
True
Is 3233953 composite?
False
Is 3706297 prime?
False
Is 1695487 prime?
False
Is 27462703 a composite number?
False
Is 7470586 a composite number?
True
Is 1055073 composite?
True
Is 413728927 composite?
False
Is 23118131 prime?
True
Is 37311013 composite?
False
Is 6096847 a prime number?
False
Is 57277279 a composite number?
False
Is 922885115 a composite number?
True
Is 66339731 composite?
False
Is 119450921 a composite number?
False
Is 7060909 composite?
False
Is 325513 a prime number?
True
Is 884867 composite?
True
Is 116600533 prime?
False
Is 14303461 composite?
False
Is 25945007 composite?
True
Is 1426049 composite?
True
Is 4146907 a prime number?
True
Is 198696961 prime?
False
Is 885539 a composite number?
True
Is 1013197 composite?
False
Is 3696001 prime?
True
Is 57525943 composite?
True
Is 1840897 a prime number?
False
Is 794279 prime?
False
Is 5728859 a prime number?
True
Is 206904439 prime?
False
Is 2165479 composite?
True
Is 28902221 a prime number?
True
Is 5559887 composite?
True
Is 211577 a prime number?
False
Is 5133571 a prime number?
True
Is 76524205 composite?
True
Is 12381557 a prime number?
True
Is 46214239 composite?
False
Is 5226421 a composite number?
False
Is 255200717 composite?
False
Is 15409159 composite?
False
Is 2181019 prime?
False
Is 970117 prime?
False
Is 3293621 prime?
True
Is 3718457 prime?
True
Is 58911877 composite?
True
Is 3505439 a prime number?
False
Is 9514897 a composite number?
True
Is 39328063 a prime number?
True
Is 308213 prime?
True